{"id":801,"date":"2022-06-21T16:39:47","date_gmt":"2022-06-21T14:39:47","guid":{"rendered":"http:\/\/www.aimnet.it\/nazionaleaim\/?page_id=801"},"modified":"2024-08-22T15:53:58","modified_gmt":"2024-08-22T13:53:58","slug":"iscrizioni","status":"publish","type":"page","link":"https:\/\/www.aimnet.it\/nazionaleaim\/iscrizioni\/","title":{"rendered":"ISCRIZIONI"},"content":{"rendered":"<div class=\"gridContainer\">\n<h5><br><strong><span class=\"has-inline-color has-vivid-red-color\">MODALITA&#8217; DI ISCRIZIONE<\/span><\/strong><\/h5>\n<\/div>\n\n<div class=\"gridContainer\">\n<ul class=\"has-normal-font-size\"><li><span class=\"has-inline-color has-black-color\">compilando la scheda di iscrizione in formato pdf  >> <strong><a href=\"https:\/\/www.aimnet.it\/public\/PDF\/2024\/40_AIM\/40_AIM_SCHEDA.pdf\">DOWNLOAD SCHEDA DI ISCRIZIONE<\/a><\/strong><\/span><\/li><li><span style=\"color:#333333\" class=\"has-inline-color\">online sul sito AIM >><\/span> <strong><a rel=\"noreferrer noopener\" href=\"https:\/\/www.aimnet.it\/manifestazione_iscrizione.php?id=810&amp;idc=3\" target=\"_blank\">ISCRIVITI ONLINE<\/a><\/strong><\/li><\/ul>\n<\/div>\n\n<div class=\"gridContainer\">\n<p><strong><span class=\"has-inline-color has-vivid-red-color\">ATTENZIONE: PER IL RAGGIUNGIMENTO DEL NUMERO MASSIMO DI PRENOTAZIONI, LE ISCRIZIONI EFFETTUATE DOPO IL 21\/08\/2024 NON INCLUDERANNO LA PARTECIPAZIONE ALLA CENA DEL CONVEGNO DEL 12\/09\/2024<\/span><\/strong><\/p>\n<\/div>\n\n<div class=\"gridContainer\">\n<h5><br><strong><span style=\"color:#c9dc4b\" class=\"has-inline-color\">QUOTE DI ISCRIZIONE AGEVOLATE<\/span><\/strong><\/h5>\n<\/div>\n\n<div class=\"gridContainer\">\n<p>Per iscrizioni formalizzate entro il 12 luglio 2024<\/p>\n<\/div>\n\n<div class=\"gridContainer\">\n<figure class=\"wp-block-table is-style-stripes\"><table class=\"has-text-color has-fixed-layout\" style=\"color:#333333\"><thead><tr><th><\/th><th class=\"has-text-align-center\" data-align=\"center\">SOCIO AIM<\/th><th class=\"has-text-align-center\" data-align=\"center\">NON SOCIO<\/th><\/tr><\/thead><tbody><tr><td><strong>PARTECIPANTE<\/strong><\/td><td class=\"has-text-align-center\" data-align=\"center\">Euro 530,00 *<\/td><td class=\"has-text-align-center\" data-align=\"center\">Euro 630,00 *<\/td><\/tr><tr><td><strong>RELATORE \/ PRESIDENTE SESSIONE<\/strong><\/td><td class=\"has-text-align-center\" data-align=\"center\">Euro 530,00 *<\/td><td class=\"has-text-align-center\" data-align=\"center\">Euro 630,00 *<\/td><\/tr><tr><td><strong>STUDENTE<\/strong><br>(laureandi, dottorandi, borsisti, assegnisti)<\/td><td class=\"has-text-align-center\" data-align=\"center\">Gratis **<br>(solo Soci Junior AIM)<\/td><td class=\"has-text-align-center\" data-align=\"center\"><span class=\"has-inline-color has-vivid-red-color\"><strong>SOLD OUT<\/strong><\/span> ***<\/td><\/tr><\/tbody><\/table><\/figure>\n<\/div>\n\n<div class=\"gridContainer\">\n<h5><span style=\"color:#c9dc4b\" class=\"has-inline-color\"><br><strong>QUOTE DI ISCRIZIONE INTERE<\/strong><\/span><\/h5>\n<\/div>\n\n<div class=\"gridContainer\">\n<p>Per iscrizioni formalizzate dopo il 12 luglio 2024<\/p>\n<\/div>\n\n<div class=\"gridContainer\">\n<figure class=\"wp-block-table is-style-stripes\"><table class=\"has-text-color has-fixed-layout\" style=\"color:#333333\"><thead><tr><th><\/th><th class=\"has-text-align-center\" data-align=\"center\">SOCIO AIM<\/th><th class=\"has-text-align-center\" data-align=\"center\">NON SOCIO<\/th><\/tr><\/thead><tbody><tr><td><strong>PARTECIPANTE<\/strong><\/td><td class=\"has-text-align-center\" data-align=\"center\">Euro 580,00 *<\/td><td class=\"has-text-align-center\" data-align=\"center\">Euro 680,00 *<\/td><\/tr><tr><td><strong>RELATORE \/ PRESIDENTE SESSIONE<\/strong> <\/td><td class=\"has-text-align-center\" data-align=\"center\">Euro 580,00 *<\/td><td class=\"has-text-align-center\" data-align=\"center\">Euro 680,00 *<\/td><\/tr><tr><td><strong>STUDENTE<\/strong><br>(laureandi, dottorandi, borsisti, assegnisti)<\/td><td class=\"has-text-align-center\" data-align=\"center\">Euro 50,00 **<br>(solo Soci Junior AIM)<\/td><td class=\"has-text-align-center\" data-align=\"center\"><strong><span class=\"has-inline-color has-vivid-red-color\">SOLD OUT<\/span><\/strong> ***<\/td><\/tr><\/tbody><\/table><\/figure>\n<\/div>\n\n<div class=\"gridContainer\">\n<p class=\"has-text-color\" style=\"color:#333333\">* La quota comprende la partecipazione ai lavori, i coffee break, i pranzi indicati in programma, l\u2019evento sociale presso il Museo di Pietrarsa l\u201911\/09 e la cena del Convegno presso l\u2019Hotel San Francesco al Monte il 12\/09, la borsa e gli atti del Convegno in formato elettronico. Per i non soci la quota di iscrizione comprende la quota associativa ordinaria AIM per l\u2019ultimo trimestre 2024 e per tutto il 2025. La quota di iscrizione al Convegno NON \u00e8 soggetta ad IVA ed include la marca da bollo.<br><br>** L\u2019iscrizione come <strong>SOCIO JUNIOR AIM<\/strong> comprende la partecipazione alla manifestazione, i coffee break, i pranzi indicati in programma e la raccolta degli atti del Convegno in formato elettronico. L\u2019iscrizione non include l\u2019evento sociale presso il Museo di Pietrarsa l\u201911\/09 e la cena del Convegno presso l\u2019Hotel San Francesco al Monte il 12\/09 per i quali \u00e8 richiesto l\u2019acquisto dei \u201cTICKET EVENTI SOCIALI\u201d.<br><br><strong><span class=\"has-inline-color has-vivid-red-color\">SOLD OUT<\/span><\/strong> *** La quota di iscrizione riservata agli <strong>STUDENTI (non soci)<\/strong> comprende la partecipazione alla manifestazione, i coffee break, i pranzi indicati in programma, l\u2019evento sociale presso il Museo di Pietrarsa l\u201911\/09 e la cena del Convegno presso l\u2019hotel San Francesco al Monte il 12\/09, la borsa e la raccolta degli atti del Convegno in formato elettronico. Al momento dell\u2019iscrizione \u00e8 necessario documentare l\u2019effettivo status di studente.<\/p>\n<\/div>\n\n<div class=\"gridContainer\">\n<h5><br><br><span style=\"color:#c9dc4b\" class=\"has-inline-color\">TICKET EVENTI SOCIALI<\/span><\/h5>\n<\/div>\n\n<div class=\"gridContainer\">\n<figure class=\"wp-block-table is-style-stripes\"><table class=\"has-text-color has-fixed-layout\" style=\"color:#333333\"><thead><tr><th><\/th><th class=\"has-text-align-center\" data-align=\"center\">DATE EVENTO<\/th><th class=\"has-text-align-center\" data-align=\"center\">IMPORTO<\/th><\/tr><\/thead><tbody><tr><td><strong>TICKET MUSEO<\/strong><\/td><td class=\"has-text-align-center\" data-align=\"center\">11\/09\/2024<\/td><td class=\"has-text-align-center\" data-align=\"center\"> Euro 100,00 + IVA 22% <\/td><\/tr><tr><td><strong>TICKET CENA SOCIALE<\/strong><\/td><td class=\"has-text-align-center\" data-align=\"center\">12\/09\/2024<\/td><td class=\"has-text-align-center\" data-align=\"center\"><span class=\"has-inline-color has-vivid-red-color\"> <strong>SOLD OUT<\/strong><\/span><\/td><\/tr><\/tbody><\/table><\/figure>\n<\/div>\n\n<div class=\"gridContainer\">\n<p><span style=\"color:#333333\" class=\"has-inline-color\">L&#8217;acquisto dei soli TICKET EVENTI SOCIALI, riservato ad accompagnatori e Soci Junior AIM, non include la partecipazione ai lavori del Convegno. Sar\u00e0 possibile acquistare i ticket fino ad esaurimento posti. La partecipazione agli eventi sociali \u00e8 gi\u00e0 inclusa nelle quote di iscrizione <em>Partecipante<\/em>, <em>Relatore<\/em> e <em>Studente (non socio)<\/em><\/span>.<br><br><strong><span class=\"has-inline-color has-vivid-red-color\">ATTENZIONE: NON E&#8217; PIU&#8217; POSSIBILE ACQUISTARE TICKET CENA SOCIALE PER IL RAGGIUNGIMENTO DEL NUMERO MASSIMO DI PRENOTAZIONI<\/span><\/strong><\/p>\n<\/div>\n\n<div class=\"gridContainer\">\n<h5><br><br><span class=\"has-inline-color has-vivid-red-color\">PAGAMENTO DELLA QUOTA DI ISCRIZIONE<\/span><\/h5>\n<\/div>\n\n<div class=\"gridContainer\">\n<p><span style=\"color:#333333\" class=\"has-inline-color\">Il pagamento della quota di iscrizione pu\u00f2 essere effettuato:<br>\u2022 con versamento CREDEM sul C.C: 010000480455 &#8211; ABI: 03032 &#8211; CAB: 01600 &#8211; CIN: M &#8211; intestato all\u2019AIM presso Credito Emiliano, Via Andegari 14, 20121 Milano &#8211; Agenzia n.052 Milano &#8211; IBAN: IT33M0303201600010000480455 &#8211; BIC\/SWITF CODE: BACRIT22MIL. Causale del bonifico: &#8220;40 AIM COGNOME ISCRITTO&#8221;<br>\u2022 con carta di credito online sul sito internet www.aimnet.it<br>Qualunque sia la modalit\u00e0 di pagamento prescelta (da effettuare prima dell\u2019inizio dell\u2019evento) \u00e8 indispensabile inviare la scheda di iscrizione compilata alla Segreteria organizzativa.<\/span><\/p>\n<\/div>\n\n<div class=\"gridContainer\">\n<h5><br><br><span class=\"has-inline-color has-vivid-red-color\">ISCRIZIONE RELATORI (SPEAKER)<\/span><\/h5>\n<\/div>\n\n<div class=\"gridContainer\">\n<p><span style=\"color:#333333\" class=\"has-inline-color\">Tutti i relatori sono tenuti a regolarizzare la propria iscrizione <strong>entro il 12 luglio 2024<\/strong>, attraverso la compilazione della scheda di iscrizione e al pagamento della quota di iscrizione.<\/span> <span style=\"color:#333333\" class=\"has-inline-color\">Le memorie saranno pubblicate nel programma finale e negli atti del Convegno solo se il relatore risulter\u00e0 regolarmente iscritto al Convegno entro tale data. L&#8217;eventuale iscrizione dopo il 12 luglio 2024 comporter\u00e0 una quota maggiorata.<\/span><\/p>\n<\/div>\n\n<div class=\"gridContainer\">\n<h5><br><br><span class=\"has-inline-color has-vivid-red-color\">RINUNCE<\/span><\/h5>\n<\/div>\n\n<div class=\"gridContainer\">\n<p><span style=\"color:#333333\" class=\"has-inline-color\">Le rinunce devono essere notificate per iscritto. Per quelle pervenute dopo il 12 luglio 2024, o per gli assenti al Convegno che non avessero inviato rinuncia scritta entro i termini, sar\u00e0 addebitata l\u2019intera quota di partecipazione e sar\u00e0 comunque inviata la documentazione. Anche i Soci Junior, in caso di mancata partecipazione, dovranno inviare rinuncia scritta entro i termini.<\/span><\/p>\n<\/div>\n\n<div class=\"gridContainer\">\n<h5><br><br><span class=\"has-inline-color has-vivid-red-color\">ATTI DEL CONVEGNO<\/span><\/h5>\n<\/div>\n\n<div class=\"gridContainer\">\n<p><span style=\"color:#333333\" class=\"has-inline-color\">Gli atti del Convegno saranno distribuiti in formato elettronico agli iscritti. Una selezione dei lavori migliori verr\u00e0 pubblicata su La Metallurgia Italiana \u2013 International Journal of the Italian Association for Metallurgy.<\/span><\/p>\n<\/div>","protected":false},"excerpt":{"rendered":"<p>MODALITA&#8217; DI ISCRIZIONE compilando la scheda di iscrizione in formato pdf >> DOWNLOAD SCHEDA DI ISCRIZIONE online sul sito AIM >> ISCRIVITI ONLINE ATTENZIONE: PER IL RAGGIUNGIMENTO DEL NUMERO MASSIMO DI PRENOTAZIONI, LE ISCRIZIONI EFFETTUATE DOPO IL 21\/08\/2024 NON INCLUDERANNO LA PARTECIPAZIONE ALLA CENA DEL CONVEGNO DEL 12\/09\/2024 QUOTE DI ISCRIZIONE AGEVOLATE Per iscrizioni formalizzate&nbsp;&hellip;<\/p>\n","protected":false},"author":1,"featured_media":0,"parent":0,"menu_order":0,"comment_status":"closed","ping_status":"closed","template":"","meta":[],"_links":{"self":[{"href":"https:\/\/www.aimnet.it\/nazionaleaim\/wp-json\/wp\/v2\/pages\/801"}],"collection":[{"href":"https:\/\/www.aimnet.it\/nazionaleaim\/wp-json\/wp\/v2\/pages"}],"about":[{"href":"https:\/\/www.aimnet.it\/nazionaleaim\/wp-json\/wp\/v2\/types\/page"}],"author":[{"embeddable":true,"href":"https:\/\/www.aimnet.it\/nazionaleaim\/wp-json\/wp\/v2\/users\/1"}],"replies":[{"embeddable":true,"href":"https:\/\/www.aimnet.it\/nazionaleaim\/wp-json\/wp\/v2\/comments?post=801"}],"version-history":[{"count":75,"href":"https:\/\/www.aimnet.it\/nazionaleaim\/wp-json\/wp\/v2\/pages\/801\/revisions"}],"predecessor-version":[{"id":1241,"href":"https:\/\/www.aimnet.it\/nazionaleaim\/wp-json\/wp\/v2\/pages\/801\/revisions\/1241"}],"wp:attachment":[{"href":"https:\/\/www.aimnet.it\/nazionaleaim\/wp-json\/wp\/v2\/media?parent=801"}],"curies":[{"name":"wp","href":"https:\/\/api.w.org\/{rel}","templated":true}]}}

<div class="gridContainer">
<h5><br><strong><span class="has-inline-color has-vivid-red-color">MODALITA&#8217; DI ISCRIZIONE</span></strong></h5>
</div>

<div class="gridContainer">
<ul class="has-normal-font-size"><li><span class="has-inline-color has-black-color">compilando la scheda di iscrizione in formato pdf  >> <strong><a href="https://www.aimnet.it/public/PDF/2024/40_AIM/40_AIM_SCHEDA.pdf">DOWNLOAD SCHEDA DI ISCRIZIONE</a></strong></span></li><li><span style="color:#333333" class="has-inline-color">online sul sito AIM >></span> <strong><a rel="noreferrer noopener" href="https://www.aimnet.it/manifestazione_iscrizione.php?id=810&amp;idc=3" target="_blank">ISCRIVITI ONLINE</a></strong></li></ul>
</div>

<div class="gridContainer">
<p><strong><span class="has-inline-color has-vivid-red-color">ATTENZIONE: PER IL RAGGIUNGIMENTO DEL NUMERO MASSIMO DI PRENOTAZIONI, LE ISCRIZIONI EFFETTUATE DOPO IL 21/08/2024 NON INCLUDERANNO LA PARTECIPAZIONE ALLA CENA DEL CONVEGNO DEL 12/09/2024</span></strong></p>
</div>

<div class="gridContainer">
<h5><br><strong><span style="color:#c9dc4b" class="has-inline-color">QUOTE DI ISCRIZIONE AGEVOLATE</span></strong></h5>
</div>

<div class="gridContainer">
<p>Per iscrizioni formalizzate entro il 12 luglio 2024</p>
</div>

<div class="gridContainer">
<figure class="wp-block-table is-style-stripes"><table class="has-text-color has-fixed-layout" style="color:#333333"><thead><tr><th></th><th class="has-text-align-center" data-align="center">SOCIO AIM</th><th class="has-text-align-center" data-align="center">NON SOCIO</th></tr></thead><tbody><tr><td><strong>PARTECIPANTE</strong></td><td class="has-text-align-center" data-align="center">Euro 530,00 *</td><td class="has-text-align-center" data-align="center">Euro 630,00 *</td></tr><tr><td><strong>RELATORE / PRESIDENTE SESSIONE</strong></td><td class="has-text-align-center" data-align="center">Euro 530,00 *</td><td class="has-text-align-center" data-align="center">Euro 630,00 *</td></tr><tr><td><strong>STUDENTE</strong><br>(laureandi, dottorandi, borsisti, assegnisti)</td><td class="has-text-align-center" data-align="center">Gratis **<br>(solo Soci Junior AIM)</td><td class="has-text-align-center" data-align="center"><span class="has-inline-color has-vivid-red-color"><strong>SOLD OUT</strong></span> ***</td></tr></tbody></table></figure>
</div>

<div class="gridContainer">
<h5><span style="color:#c9dc4b" class="has-inline-color"><br><strong>QUOTE DI ISCRIZIONE INTERE</strong></span></h5>
</div>

<div class="gridContainer">
<p>Per iscrizioni formalizzate dopo il 12 luglio 2024</p>
</div>

<div class="gridContainer">
<figure class="wp-block-table is-style-stripes"><table class="has-text-color has-fixed-layout" style="color:#333333"><thead><tr><th></th><th class="has-text-align-center" data-align="center">SOCIO AIM</th><th class="has-text-align-center" data-align="center">NON SOCIO</th></tr></thead><tbody><tr><td><strong>PARTECIPANTE</strong></td><td class="has-text-align-center" data-align="center">Euro 580,00 *</td><td class="has-text-align-center" data-align="center">Euro 680,00 *</td></tr><tr><td><strong>RELATORE / PRESIDENTE SESSIONE</strong> </td><td class="has-text-align-center" data-align="center">Euro 580,00 *</td><td class="has-text-align-center" data-align="center">Euro 680,00 *</td></tr><tr><td><strong>STUDENTE</strong><br>(laureandi, dottorandi, borsisti, assegnisti)</td><td class="has-text-align-center" data-align="center">Euro 50,00 **<br>(solo Soci Junior AIM)</td><td class="has-text-align-center" data-align="center"><strong><span class="has-inline-color has-vivid-red-color">SOLD OUT</span></strong> ***</td></tr></tbody></table></figure>
</div>

<div class="gridContainer">
<p class="has-text-color" style="color:#333333">* La quota comprende la partecipazione ai lavori, i coffee break, i pranzi indicati in programma, l’evento sociale presso il Museo di Pietrarsa l’11/09 e la cena del Convegno presso l’Hotel San Francesco al Monte il 12/09, la borsa e gli atti del Convegno in formato elettronico. Per i non soci la quota di iscrizione comprende la quota associativa ordinaria AIM per l’ultimo trimestre 2024 e per tutto il 2025. La quota di iscrizione al Convegno NON è soggetta ad IVA ed include la marca da bollo.<br><br>** L’iscrizione come <strong>SOCIO JUNIOR AIM</strong> comprende la partecipazione alla manifestazione, i coffee break, i pranzi indicati in programma e la raccolta degli atti del Convegno in formato elettronico. L’iscrizione non include l’evento sociale presso il Museo di Pietrarsa l’11/09 e la cena del Convegno presso l’Hotel San Francesco al Monte il 12/09 per i quali è richiesto l’acquisto dei “TICKET EVENTI SOCIALI”.<br><br><strong><span class="has-inline-color has-vivid-red-color">SOLD OUT</span></strong> *** La quota di iscrizione riservata agli <strong>STUDENTI (non soci)</strong> comprende la partecipazione alla manifestazione, i coffee break, i pranzi indicati in programma, l’evento sociale presso il Museo di Pietrarsa l’11/09 e la cena del Convegno presso l’hotel San Francesco al Monte il 12/09, la borsa e la raccolta degli atti del Convegno in formato elettronico. Al momento dell’iscrizione è necessario documentare l’effettivo status di studente.</p>
</div>

<div class="gridContainer">
<h5><br><br><span style="color:#c9dc4b" class="has-inline-color">TICKET EVENTI SOCIALI</span></h5>
</div>

<div class="gridContainer">
<figure class="wp-block-table is-style-stripes"><table class="has-text-color has-fixed-layout" style="color:#333333"><thead><tr><th></th><th class="has-text-align-center" data-align="center">DATE EVENTO</th><th class="has-text-align-center" data-align="center">IMPORTO</th></tr></thead><tbody><tr><td><strong>TICKET MUSEO</strong></td><td class="has-text-align-center" data-align="center">11/09/2024</td><td class="has-text-align-center" data-align="center"> Euro 100,00 + IVA 22% </td></tr><tr><td><strong>TICKET CENA SOCIALE</strong></td><td class="has-text-align-center" data-align="center">12/09/2024</td><td class="has-text-align-center" data-align="center"><span class="has-inline-color has-vivid-red-color"> <strong>SOLD OUT</strong></span></td></tr></tbody></table></figure>
</div>

<div class="gridContainer">
<p><span style="color:#333333" class="has-inline-color">L&#8217;acquisto dei soli TICKET EVENTI SOCIALI, riservato ad accompagnatori e Soci Junior AIM, non include la partecipazione ai lavori del Convegno. Sarà possibile acquistare i ticket fino ad esaurimento posti. La partecipazione agli eventi sociali è già inclusa nelle quote di iscrizione <em>Partecipante</em>, <em>Relatore</em> e <em>Studente (non socio)</em></span>.<br><br><strong><span class="has-inline-color has-vivid-red-color">ATTENZIONE: NON E&#8217; PIU&#8217; POSSIBILE ACQUISTARE TICKET CENA SOCIALE PER IL RAGGIUNGIMENTO DEL NUMERO MASSIMO DI PRENOTAZIONI</span></strong></p>
</div>

<div class="gridContainer">
<h5><br><br><span class="has-inline-color has-vivid-red-color">PAGAMENTO DELLA QUOTA DI ISCRIZIONE</span></h5>
</div>

<div class="gridContainer">
<p><span style="color:#333333" class="has-inline-color">Il pagamento della quota di iscrizione può essere effettuato:<br>• con versamento CREDEM sul C.C: 010000480455 &#8211; ABI: 03032 &#8211; CAB: 01600 &#8211; CIN: M &#8211; intestato all’AIM presso Credito Emiliano, Via Andegari 14, 20121 Milano &#8211; Agenzia n.052 Milano &#8211; IBAN: IT33M0303201600010000480455 &#8211; BIC/SWITF CODE: BACRIT22MIL. Causale del bonifico: &#8220;40 AIM COGNOME ISCRITTO&#8221;<br>• con carta di credito online sul sito internet www.aimnet.it<br>Qualunque sia la modalità di pagamento prescelta (da effettuare prima dell’inizio dell’evento) è indispensabile inviare la scheda di iscrizione compilata alla Segreteria organizzativa.</span></p>
</div>

<div class="gridContainer">
<h5><br><br><span class="has-inline-color has-vivid-red-color">ISCRIZIONE RELATORI (SPEAKER)</span></h5>
</div>

<div class="gridContainer">
<p><span style="color:#333333" class="has-inline-color">Tutti i relatori sono tenuti a regolarizzare la propria iscrizione <strong>entro il 12 luglio 2024</strong>, attraverso la compilazione della scheda di iscrizione e al pagamento della quota di iscrizione.</span> <span style="color:#333333" class="has-inline-color">Le memorie saranno pubblicate nel programma finale e negli atti del Convegno solo se il relatore risulterà regolarmente iscritto al Convegno entro tale data. L&#8217;eventuale iscrizione dopo il 12 luglio 2024 comporterà una quota maggiorata.</span></p>
</div>

<div class="gridContainer">
<h5><br><br><span class="has-inline-color has-vivid-red-color">RINUNCE</span></h5>
</div>

<div class="gridContainer">
<p><span style="color:#333333" class="has-inline-color">Le rinunce devono essere notificate per iscritto. Per quelle pervenute dopo il 12 luglio 2024, o per gli assenti al Convegno che non avessero inviato rinuncia scritta entro i termini, sarà addebitata l’intera quota di partecipazione e sarà comunque inviata la documentazione. Anche i Soci Junior, in caso di mancata partecipazione, dovranno inviare rinuncia scritta entro i termini.</span></p>
</div>

<div class="gridContainer">
<h5><br><br><span class="has-inline-color has-vivid-red-color">ATTI DEL CONVEGNO</span></h5>
</div>

<div class="gridContainer">
<p><span style="color:#333333" class="has-inline-color">Gli atti del Convegno saranno distribuiti in formato elettronico agli iscritti. Una selezione dei lavori migliori verrà pubblicata su La Metallurgia Italiana – International Journal of the Italian Association for Metallurgy.</span></p>
</div>
