{"id":7,"date":"2026-03-23T10:35:52","date_gmt":"2026-03-23T09:35:52","guid":{"rendered":"https:\/\/www.aimnet.it\/eac\/?page_id=7"},"modified":"2026-03-25T11:26:44","modified_gmt":"2026-03-25T10:26:44","slug":"home","status":"publish","type":"page","link":"https:\/\/www.aimnet.it\/eac\/","title":{"rendered":"Home"},"content":{"rendered":"\n<div class=\"wp-block-cover alignfull wp-duotone-unset-1\" style=\"min-height:548px;aspect-ratio:unset;\"><span aria-hidden=\"true\" class=\"wp-block-cover__background has-background-dim-100 has-background-dim\" style=\"background-color:#606060\"><\/span><div class=\"wp-block-cover__inner-container is-layout-flow wp-block-cover-is-layout-flow\">\n<div class=\"inherit-container-width wp-block-group alignwide is-layout-constrained wp-block-group-is-layout-constrained\">\n<div class=\"wp-block-media-text alignwide has-media-on-the-right is-stacked-on-mobile is-vertically-aligned-center has-white-background-color has-background\" style=\"margin-top:0;margin-right:0;margin-bottom:0;margin-left:0;padding-top:0;padding-bottom:0;grid-template-columns:auto 57%\"><div class=\"wp-block-media-text__content\">\n<figure class=\"wp-block-image size-full is-resized\"><img loading=\"lazy\" decoding=\"async\" width=\"388\" height=\"266\" src=\"https:\/\/www.aimnet.it\/eac\/wp-content\/uploads\/2026\/03\/SQUALETTO_2026.jpg\" alt=\"\" class=\"wp-image-72\" style=\"width:200px\" srcset=\"https:\/\/www.aimnet.it\/eac\/wp-content\/uploads\/2026\/03\/SQUALETTO_2026.jpg 388w, https:\/\/www.aimnet.it\/eac\/wp-content\/uploads\/2026\/03\/SQUALETTO_2026-300x206.jpg 300w\" sizes=\"auto, (max-width: 388px) 100vw, 388px\" \/><\/figure>\n\n\n\n<h1 class=\"wp-block-heading has-text-color has-link-color wp-elements-4cb63161691b60760145b07762d838a6\" style=\"color:#aa5564;font-size:55px\">EAC<\/h1>\n\n\n\n<p>DOCTORAL SUMMER SCHOOL<\/p>\n\n\n\n<h3 class=\"wp-block-heading has-ast-global-color-3-color has-text-color has-link-color wp-elements-9645096c20e127aaa1d4389c86e20b22\" style=\"padding-top:0;padding-right:0;padding-bottom:0;padding-left:0;line-height:1.6\">ENVIRONMENTAL ASSISTED CRACKING<\/h3>\n\n\n\n<p>5-9 JULY 2026 | MILAZZO (ITALY)<\/p>\n\n\n\n<div class=\"wp-block-buttons is-layout-flex wp-block-buttons-is-layout-flex\">\n<div class=\"wp-block-button is-style-fill\"><a class=\"wp-block-button__link has-ast-global-color-4-color has-text-color has-background has-link-color wp-element-button\" href=\"https:\/\/www.aimnet.it\/public\/Eventi\/17655530453884.pdf\" style=\"background-color:#aa5564\">DOWNLOAD FLYER<\/a><\/div>\n\n\n\n<div class=\"wp-block-button\"><a class=\"wp-block-button__link has-ast-global-color-4-color has-text-color has-background has-link-color wp-element-button\" href=\"https:\/\/www.aimnet.it\/eac\/registration\/\" style=\"background-color:#aa5564\">REGISTER     <\/a><\/div>\n<\/div>\n<\/div><figure class=\"wp-block-media-text__media\"><img loading=\"lazy\" decoding=\"async\" width=\"800\" height=\"532\" src=\"https:\/\/www.aimnet.it\/eac\/wp-content\/uploads\/2026\/03\/MILAZZO_01.jpg\" alt=\"\" class=\"wp-image-32 size-full\" srcset=\"https:\/\/www.aimnet.it\/eac\/wp-content\/uploads\/2026\/03\/MILAZZO_01.jpg 800w, https:\/\/www.aimnet.it\/eac\/wp-content\/uploads\/2026\/03\/MILAZZO_01-300x200.jpg 300w, https:\/\/www.aimnet.it\/eac\/wp-content\/uploads\/2026\/03\/MILAZZO_01-768x511.jpg 768w\" sizes=\"auto, (max-width: 800px) 100vw, 800px\" \/><\/figure><\/div>\n<\/div>\n<\/div><\/div>\n\n\n\n<div class=\"wp-block-group alignfull has-white-background-color has-background is-layout-constrained wp-container-core-group-is-layout-1ba88aa0 wp-block-group-is-layout-constrained\" style=\"padding-top:var(--wp--preset--spacing--50);padding-right:var(--wp--preset--spacing--20);padding-bottom:20px;padding-left:var(--wp--preset--spacing--20)\">\n<div class=\"wp-block-columns are-vertically-aligned-top is-layout-flex wp-container-core-columns-is-layout-00723822 wp-block-columns-is-layout-flex\">\n<div class=\"wp-block-column is-vertically-aligned-top is-layout-flow wp-container-core-column-is-layout-6b73ce23 wp-block-column-is-layout-flow\">\n<figure class=\"wp-block-image size-large wp-duotone-dark-grayscale\"><img decoding=\"async\" src=\"https:\/\/www.aimnet.it\/eac\/wp-content\/themes\/astra\/inc\/assets\/images\/starter-content\/building.svg\" alt=\"\" class=\"wp-image-134\"\/><\/figure>\n\n\n\n<h3 class=\"wp-block-heading has-text-align-left\" style=\"margin-top:16px\">Venue<\/h3>\n\n\n\n<p class=\"has-text-align-left\">The Course will be held in Milazzo (ME) at Palazzo D\u2019Amico, Via Marina Garibaldi 72.<\/p>\n<\/div>\n\n\n\n<div class=\"wp-block-column is-vertically-aligned-top is-layout-flow wp-container-core-column-is-layout-6b73ce23 wp-block-column-is-layout-flow\">\n<figure class=\"wp-block-image size-large wp-duotone-dark-grayscale\"><img decoding=\"async\" src=\"https:\/\/www.aimnet.it\/eac\/wp-content\/themes\/astra\/inc\/assets\/images\/starter-content\/blog.svg\" alt=\"\" class=\"wp-image-136\"\/><\/figure>\n\n\n\n<h3 class=\"wp-block-heading has-text-align-left\" style=\"margin-top:16px\">ECTS<\/h3>\n\n\n\n<p class=\"has-text-align-left\">The attendance to the School will provide 3 ECTS.<\/p>\n<\/div>\n\n\n\n<div class=\"wp-block-column is-vertically-aligned-top is-layout-flow wp-container-core-column-is-layout-6b73ce23 wp-block-column-is-layout-flow\">\n<figure class=\"wp-block-image size-large wp-duotone-dark-grayscale\"><img decoding=\"async\" src=\"https:\/\/www.aimnet.it\/eac\/wp-content\/themes\/astra\/inc\/assets\/images\/starter-content\/portfolio.svg\" alt=\"\" class=\"wp-image-137\"\/><\/figure>\n\n\n\n<h3 class=\"wp-block-heading has-text-align-left\" style=\"margin-top:16px\">Deadline <\/h3>\n\n\n\n<p class=\"has-text-align-left\">Registrations will close on June 19, 2026.<\/p>\n<\/div>\n<\/div>\n<\/div>\n\n\n\n<div class=\"wp-block-group alignfull has-background is-layout-constrained wp-container-core-group-is-layout-77664c01 wp-block-group-is-layout-constrained\" id=\"services\" style=\"background-color:#aa5564;margin-top:0;margin-bottom:0;padding-top:40px;padding-right:var(--wp--preset--spacing--30);padding-bottom:40px;padding-left:var(--wp--preset--spacing--30)\">\n<div class=\"wp-block-columns is-layout-flex wp-container-core-columns-is-layout-60cbf9bb wp-block-columns-is-layout-flex\" style=\"margin-top:50px\">\n<div class=\"wp-block-column is-layout-flow wp-container-core-column-is-layout-6b73ce23 wp-block-column-is-layout-flow\">\n<figure class=\"wp-block-image size-full\"><img loading=\"lazy\" decoding=\"async\" width=\"1200\" height=\"675\" src=\"https:\/\/www.aimnet.it\/eac\/wp-content\/uploads\/2026\/03\/MILAZZO_02-1.jpg\" alt=\"\" class=\"wp-image-40\" srcset=\"https:\/\/www.aimnet.it\/eac\/wp-content\/uploads\/2026\/03\/MILAZZO_02-1.jpg 1200w, https:\/\/www.aimnet.it\/eac\/wp-content\/uploads\/2026\/03\/MILAZZO_02-1-300x169.jpg 300w, https:\/\/www.aimnet.it\/eac\/wp-content\/uploads\/2026\/03\/MILAZZO_02-1-1024x576.jpg 1024w, https:\/\/www.aimnet.it\/eac\/wp-content\/uploads\/2026\/03\/MILAZZO_02-1-768x432.jpg 768w\" sizes=\"auto, (max-width: 1200px) 100vw, 1200px\" \/><\/figure>\n<\/div>\n\n\n\n<div class=\"wp-block-column is-layout-flow wp-container-core-column-is-layout-6b73ce23 wp-block-column-is-layout-flow\">\n<figure class=\"wp-block-image size-full\"><img loading=\"lazy\" decoding=\"async\" width=\"1200\" height=\"675\" src=\"https:\/\/www.aimnet.it\/eac\/wp-content\/uploads\/2026\/03\/MILAZZO_03-1.jpg\" alt=\"\" class=\"wp-image-41\" srcset=\"https:\/\/www.aimnet.it\/eac\/wp-content\/uploads\/2026\/03\/MILAZZO_03-1.jpg 1200w, https:\/\/www.aimnet.it\/eac\/wp-content\/uploads\/2026\/03\/MILAZZO_03-1-300x169.jpg 300w, https:\/\/www.aimnet.it\/eac\/wp-content\/uploads\/2026\/03\/MILAZZO_03-1-1024x576.jpg 1024w, https:\/\/www.aimnet.it\/eac\/wp-content\/uploads\/2026\/03\/MILAZZO_03-1-768x432.jpg 768w\" sizes=\"auto, (max-width: 1200px) 100vw, 1200px\" \/><\/figure>\n<\/div>\n\n\n\n<div class=\"wp-block-column is-layout-flow wp-container-core-column-is-layout-6b73ce23 wp-block-column-is-layout-flow\">\n<figure class=\"wp-block-image size-full\"><img loading=\"lazy\" decoding=\"async\" width=\"1200\" height=\"675\" src=\"https:\/\/www.aimnet.it\/eac\/wp-content\/uploads\/2026\/03\/MILAZZO_04-1.jpg\" alt=\"\" class=\"wp-image-42\" srcset=\"https:\/\/www.aimnet.it\/eac\/wp-content\/uploads\/2026\/03\/MILAZZO_04-1.jpg 1200w, https:\/\/www.aimnet.it\/eac\/wp-content\/uploads\/2026\/03\/MILAZZO_04-1-300x169.jpg 300w, https:\/\/www.aimnet.it\/eac\/wp-content\/uploads\/2026\/03\/MILAZZO_04-1-1024x576.jpg 1024w, https:\/\/www.aimnet.it\/eac\/wp-content\/uploads\/2026\/03\/MILAZZO_04-1-768x432.jpg 768w\" sizes=\"auto, (max-width: 1200px) 100vw, 1200px\" \/><\/figure>\n<\/div>\n<\/div>\n\n\n\n<blockquote class=\"wp-block-quote is-layout-flow wp-block-quote-is-layout-flow\">\n<p class=\"has-ast-global-color-4-color has-text-color has-background has-link-color wp-elements-a0c2350edac0ca802202c19a99346b39\" style=\"background-color:#aa5564\">This international summer school offers a comprehensive understanding to environmentally assisted cracking (EAC) and related degradation phenomena. Through lectures by leading Italian and international experts, participants will explore fundamental mechanisms, characterization methods, and the behavior of traditional and advanced materials under combined mechanical and environmental stresses.<\/p>\n<\/blockquote>\n<\/div>\n\n\n\n<div class=\"wp-block-group alignfull has-ast-global-color-4-background-color has-background is-layout-constrained wp-container-core-group-is-layout-3b5a9186 wp-block-group-is-layout-constrained\" id=\"reviews\" style=\"padding-top:var(--wp--preset--spacing--50);padding-bottom:var(--wp--preset--spacing--50)\">\n<figure class=\"wp-block-image aligncenter size-large wp-duotone-dark-grayscale\"><img decoding=\"async\" src=\"https:\/\/www.aimnet.it\/eac\/wp-content\/themes\/astra\/inc\/assets\/images\/starter-content\/blog.svg\" alt=\"\" class=\"wp-image-136\"\/><\/figure>\n\n\n\n<div class=\"wp-block-columns is-layout-flex wp-container-core-columns-is-layout-28f84493 wp-block-columns-is-layout-flex\">\n<div class=\"wp-block-column is-layout-flow wp-block-column-is-layout-flow\">\n<h2 class=\"wp-block-heading\">Course Directors<\/h2>\n\n\n\n<p style=\"font-size:16px\">Marina Cabrini (Universit\u00e0 di Bergamo)<br>Edoardo Proverbio (Universit\u00e0 di Messina)<br>Fabio Scenini (University of Manchester)<\/p>\n<\/div>\n\n\n\n<div class=\"wp-block-column is-layout-flow wp-block-column-is-layout-flow\">\n<h2 class=\"wp-block-heading\">Scientific Commitee<\/h2>\n\n\n\n<p style=\"font-size:16px\">Tiziano Bellezze (Univ. Politecnica delle Marche)<br>Christine Blanc (University of Toulouse)<br>Fabio Bolzoni (Politecnico di Milano)<br>Andrea Brenna (Politecnico di Milano)<br>Luigi Di Vito (RINA-CSM)<br>Dirk Engelberg (University of Manchester)<br>Lorenzo Fedrizzi (Universit\u00e0 di Udine)<br>Henry Holoroyd (University of Manchester)<br>Sergio Lorenzi (Universit\u00e0 di Bergamo)<br>Tomas Prosec (University of Prague)<br>Monica Santamaria (Universit\u00e0 di Palermo)<\/p>\n<\/div>\n<\/div>\n<\/div>\n\n\n\n<div class=\"wp-block-group alignfull has-ast-global-color-4-background-color has-background is-layout-constrained wp-container-core-group-is-layout-3f083591 wp-block-group-is-layout-constrained\" id=\"whyus\" style=\"padding-top:20px;padding-bottom:20px\">\n<h3 class=\"wp-block-heading has-text-align-center has-text-color has-link-color wp-elements-4d797738b89a5c6bbd8163f28cea8558\" style=\"color:#aa5564\">Organised by<\/h3>\n\n\n\n<figure class=\"wp-block-image aligncenter size-large is-resized\"><img loading=\"lazy\" decoding=\"async\" width=\"1024\" height=\"84\" src=\"https:\/\/www.aimnet.it\/eac\/wp-content\/uploads\/2026\/03\/organised-1024x84.png\" alt=\"\" class=\"wp-image-67\" style=\"aspect-ratio:12.191489361702128;width:663px;height:auto\" srcset=\"https:\/\/www.aimnet.it\/eac\/wp-content\/uploads\/2026\/03\/organised-1024x84.png 1024w, https:\/\/www.aimnet.it\/eac\/wp-content\/uploads\/2026\/03\/organised-300x25.png 300w, https:\/\/www.aimnet.it\/eac\/wp-content\/uploads\/2026\/03\/organised-768x63.png 768w, https:\/\/www.aimnet.it\/eac\/wp-content\/uploads\/2026\/03\/organised.png 1200w\" sizes=\"auto, (max-width: 1024px) 100vw, 1024px\" \/><\/figure>\n\n\n\n<h3 class=\"wp-block-heading has-text-align-center has-text-color has-link-color wp-elements-3be9fd33a97a489d9cc86d045cd0c59d\" style=\"color:#aa5564\">With the support of<\/h3>\n\n\n\n<figure class=\"wp-block-image aligncenter size-large is-resized\"><img loading=\"lazy\" decoding=\"async\" width=\"1024\" height=\"76\" src=\"https:\/\/www.aimnet.it\/eac\/wp-content\/uploads\/2026\/03\/raffineriamilazzo-1024x76.png\" alt=\"\" class=\"wp-image-71\" style=\"width:688px;height:auto\" srcset=\"https:\/\/www.aimnet.it\/eac\/wp-content\/uploads\/2026\/03\/raffineriamilazzo-1024x76.png 1024w, https:\/\/www.aimnet.it\/eac\/wp-content\/uploads\/2026\/03\/raffineriamilazzo-300x22.png 300w, https:\/\/www.aimnet.it\/eac\/wp-content\/uploads\/2026\/03\/raffineriamilazzo-768x57.png 768w, https:\/\/www.aimnet.it\/eac\/wp-content\/uploads\/2026\/03\/raffineriamilazzo.png 1200w\" sizes=\"auto, (max-width: 1024px) 100vw, 1024px\" \/><\/figure>\n\n\n\n<h3 class=\"wp-block-heading has-text-align-center has-text-color has-link-color wp-elements-7720c5e2eeb6fbc2cc0a056bc4777cbf\" style=\"color:#aa5564\">Under the patronage of<\/h3>\n\n\n\n<figure class=\"wp-block-image aligncenter size-large is-resized\"><img loading=\"lazy\" decoding=\"async\" width=\"1024\" height=\"169\" src=\"https:\/\/www.aimnet.it\/eac\/wp-content\/uploads\/2026\/03\/patronageof-1024x169.png\" alt=\"\" class=\"wp-image-69\" style=\"aspect-ratio:6.059241263656094;width:653px;height:auto\" srcset=\"https:\/\/www.aimnet.it\/eac\/wp-content\/uploads\/2026\/03\/patronageof-1024x169.png 1024w, https:\/\/www.aimnet.it\/eac\/wp-content\/uploads\/2026\/03\/patronageof-300x50.png 300w, https:\/\/www.aimnet.it\/eac\/wp-content\/uploads\/2026\/03\/patronageof-768x127.png 768w, https:\/\/www.aimnet.it\/eac\/wp-content\/uploads\/2026\/03\/patronageof.png 1200w\" sizes=\"auto, (max-width: 1024px) 100vw, 1024px\" \/><\/figure>\n\n\n\n<h3 class=\"wp-block-heading has-text-align-center has-text-color has-link-color wp-elements-4b84c5d35a2b8f9ba9481af76c0a9a04\" style=\"color:#aa5564\">Sponsored by<\/h3>\n\n\n\n<figure class=\"wp-block-image aligncenter size-large is-resized\"><img loading=\"lazy\" decoding=\"async\" width=\"1024\" height=\"76\" src=\"https:\/\/www.aimnet.it\/eac\/wp-content\/uploads\/2026\/03\/sponsoredby-1024x76.png\" alt=\"\" class=\"wp-image-70\" style=\"width:747px;height:auto\" srcset=\"https:\/\/www.aimnet.it\/eac\/wp-content\/uploads\/2026\/03\/sponsoredby-1024x76.png 1024w, https:\/\/www.aimnet.it\/eac\/wp-content\/uploads\/2026\/03\/sponsoredby-300x22.png 300w, https:\/\/www.aimnet.it\/eac\/wp-content\/uploads\/2026\/03\/sponsoredby-768x57.png 768w, https:\/\/www.aimnet.it\/eac\/wp-content\/uploads\/2026\/03\/sponsoredby.png 1200w\" sizes=\"auto, (max-width: 1024px) 100vw, 1024px\" \/><\/figure>\n<\/div>\n","protected":false},"excerpt":{"rendered":"<p>Venue The Course will be held in Milazzo (ME) at Palazzo D\u2019Amico, Via Marina Garibaldi 72. ECTS The attendance to [&hellip;]<\/p>\n","protected":false},"author":1,"featured_media":0,"parent":0,"menu_order":0,"comment_status":"closed","ping_status":"closed","template":"","meta":{"site-sidebar-layout":"no-sidebar","site-content-layout":"plain-container","ast-site-content-layout":"default","site-content-style":"default","site-sidebar-style":"default","ast-global-header-display":"","ast-banner-title-visibility":"","ast-main-header-display":"","ast-hfb-above-header-display":"","ast-hfb-below-header-display":"","ast-hfb-mobile-header-display":"","site-post-title":"disabled","ast-breadcrumbs-content":"","ast-featured-img":"","footer-sml-layout":"","ast-disable-related-posts":"","theme-transparent-header-meta":"enabled","adv-header-id-meta":"","stick-header-meta":"","header-above-stick-meta":"","header-main-stick-meta":"","header-below-stick-meta":"","astra-migrate-meta-layouts":"default","ast-page-background-enabled":"default","ast-page-background-meta":{"desktop":{"background-color":"var(--ast-global-color-5)","background-image":"","background-repeat":"repeat","background-position":"center center","background-size":"auto","background-attachment":"scroll","background-type":"","background-media":"","overlay-type":"","overlay-color":"","overlay-opacity":"","overlay-gradient":""},"tablet":{"background-color":"","background-image":"","background-repeat":"repeat","background-position":"center center","background-size":"auto","background-attachment":"scroll","background-type":"","background-media":"","overlay-type":"","overlay-color":"","overlay-opacity":"","overlay-gradient":""},"mobile":{"background-color":"","background-image":"","background-repeat":"repeat","background-position":"center center","background-size":"auto","background-attachment":"scroll","background-type":"","background-media":"","overlay-type":"","overlay-color":"","overlay-opacity":"","overlay-gradient":""}},"ast-content-background-meta":{"desktop":{"background-color":"var(--ast-global-color-4)","background-image":"","background-repeat":"repeat","background-position":"center center","background-size":"auto","background-attachment":"scroll","background-type":"","background-media":"","overlay-type":"","overlay-color":"","overlay-opacity":"","overlay-gradient":""},"tablet":{"background-color":"var(--ast-global-color-4)","background-image":"","background-repeat":"repeat","background-position":"center center","background-size":"auto","background-attachment":"scroll","background-type":"","background-media":"","overlay-type":"","overlay-color":"","overlay-opacity":"","overlay-gradient":""},"mobile":{"background-color":"var(--ast-global-color-4)","background-image":"","background-repeat":"repeat","background-position":"center center","background-size":"auto","background-attachment":"scroll","background-type":"","background-media":"","overlay-type":"","overlay-color":"","overlay-opacity":"","overlay-gradient":""}},"footnotes":""},"class_list":["post-7","page","type-page","status-publish","hentry"],"_links":{"self":[{"href":"https:\/\/www.aimnet.it\/eac\/wp-json\/wp\/v2\/pages\/7","targetHints":{"allow":["GET"]}}],"collection":[{"href":"https:\/\/www.aimnet.it\/eac\/wp-json\/wp\/v2\/pages"}],"about":[{"href":"https:\/\/www.aimnet.it\/eac\/wp-json\/wp\/v2\/types\/page"}],"author":[{"embeddable":true,"href":"https:\/\/www.aimnet.it\/eac\/wp-json\/wp\/v2\/users\/1"}],"replies":[{"embeddable":true,"href":"https:\/\/www.aimnet.it\/eac\/wp-json\/wp\/v2\/comments?post=7"}],"version-history":[{"count":60,"href":"https:\/\/www.aimnet.it\/eac\/wp-json\/wp\/v2\/pages\/7\/revisions"}],"predecessor-version":[{"id":238,"href":"https:\/\/www.aimnet.it\/eac\/wp-json\/wp\/v2\/pages\/7\/revisions\/238"}],"wp:attachment":[{"href":"https:\/\/www.aimnet.it\/eac\/wp-json\/wp\/v2\/media?parent=7"}],"curies":[{"name":"wp","href":"https:\/\/api.w.org\/{rel}","templated":true}]}}